{"id":43960,"date":"2017-12-07T10:12:44","date_gmt":"2017-12-07T13:12:44","guid":{"rendered":"http:\/\/www.encontrasantana.com.br\/blog\/?page_id=43960"},"modified":"2025-09-26T09:49:22","modified_gmt":"2025-09-26T12:49:22","slug":"sobre-santana","status":"publish","type":"page","link":"https:\/\/www.encontrasantana.com.br\/sobre\/","title":{"rendered":"Sobre Santana"},"content":{"rendered":"<div class=\"1acf8468e559fd3cbeec5aee3a269a52\" data-index=\"1\" style=\"float: none; margin:0px;\">\n<!-- Anuncio display - global -->\r\n<ins class=\"adsbygoogle\"\r\n     style=\"display:block\"\r\n     data-ad-client=\"ca-pub-8585364105181520\"\r\n     data-ad-slot=\"8789329856\"\r\n     data-ad-format=\"auto\"\r\n     data-full-width-responsive=\"true\"><\/ins>\r\n<script>\r\n     (adsbygoogle = window.adsbygoogle || []).push({});\r\n<\/script>\n<\/div>\n<h2>Limites &#8211; Bairros Vizinhos &#8211; <a href=\"https:\/\/www.zonanortesp.com.br\" target=\"_blank\" rel=\"noopener noreferrer\">Zona Norte<\/a><\/h2>\n<p><a title=\"Tucuruvi\" href=\"https:\/\/www.encontratucuruvi.com.br\/\" target=\"_blank\" rel=\"noopener noreferrer\">Tucuruvi<\/a>,\u00a0<a title=\"Mandaqui\" href=\"https:\/\/www.encontramandaqui.com.br\/\" target=\"_blank\" rel=\"noopener noreferrer\">Mandaqui<\/a>,\u00a0<a title=\"Vila Guilherme\" href=\"https:\/\/www.encontravilaguilherme.com.br\/\" target=\"_blank\" rel=\"noopener noreferrer\">Vila Guilherme<\/a>,\u00a0<a title=\"Casa Verde\" href=\"https:\/\/www.encontracasaverde.com.br\/\" target=\"_blank\" rel=\"noopener noreferrer\">Casa Verde<\/a>\u00a0e\u00a0<a title=\"Lim\u00e3o\" href=\"https:\/\/www.encontralimao.com.br\/\" target=\"_blank\" rel=\"noopener noreferrer\">Lim\u00e3o<\/a><\/p>\n<h2>Bairros<\/h2>\n<p>O Distrito de Santana est\u00e1 situado na Zona Nordeste e abrange os bairros de:<\/p>\n<ul>\n<li>\u00c1gua Fria<\/li>\n<li>Chora Menino<\/li>\n<li>Imirim<\/li>\n<li>Jardim Carmen Ver\u00f4nica<\/li>\n<li>Jardim do Col\u00e9gio e S\u00edtio Pedra Branca<\/li>\n<li>Jardim Guanandi<\/li>\n<li>Jardim S\u00e3o Paulo<\/li>\n<li>Parque Anhembi<\/li>\n<li>Santa Teresinha<\/li>\n<li>Santana<\/li>\n<li>S\u00edtio Pedra Branca<\/li>\n<li>Vila Bianca<\/li>\n<li>Vila Jos\u00e9 Casa Grande<\/li>\n<li>Vila Mariza Mazzei<\/li>\n<li>Vila Matias<\/li>\n<li>Vila Pauliceia<\/li>\n<li>Vila Rabelo<\/li>\n<li>Vila Santa Luzia<\/li>\n<li>Vila Santana<\/li>\n<li>Vila Siciliano<\/li>\n<li>Vila Z\u00e9lia<\/li>\n<\/ul>\n<h3>Pontos Tur\u00edsticos<\/h3>\n<p><img loading=\"lazy\" decoding=\"async\" class=\"alignleft size-full wp-image-43962\" src=\"https:\/\/www.encontrasantana.com.br\/sobre\/wp-content\/uploads\/2017\/12\/parque-da-juventude-em-santana-miniatura.jpg\" alt=\"\" width=\"79\" height=\"78\" srcset=\"https:\/\/www.encontrasantana.com.br\/sobre\/wp-content\/uploads\/2017\/12\/parque-da-juventude-em-santana-miniatura.jpg 79w, https:\/\/www.encontrasantana.com.br\/sobre\/wp-content\/uploads\/2017\/12\/parque-da-juventude-em-santana-miniatura-150x150.jpg 150w\" sizes=\"(max-width: 79px) 100vw, 79px\" \/> <img loading=\"lazy\" decoding=\"async\" class=\"alignleft size-full wp-image-43963\" src=\"https:\/\/www.encontrasantana.com.br\/sobre\/wp-content\/uploads\/2017\/12\/shopping-center-norte-small.jpg\" alt=\"\" width=\"78\" height=\"78\" srcset=\"https:\/\/www.encontrasantana.com.br\/sobre\/wp-content\/uploads\/2017\/12\/shopping-center-norte-small.jpg 78w, https:\/\/www.encontrasantana.com.br\/sobre\/wp-content\/uploads\/2017\/12\/shopping-center-norte-small-150x150.jpg 150w\" sizes=\"(max-width: 78px) 100vw, 78px\" \/> <img loading=\"lazy\" decoding=\"async\" class=\"alignleft size-full wp-image-43964\" src=\"https:\/\/www.encontrasantana.com.br\/sobre\/wp-content\/uploads\/2017\/12\/anhembi-em-santana-miniatura.jpg\" alt=\"\" width=\"78\" height=\"78\" srcset=\"https:\/\/www.encontrasantana.com.br\/sobre\/wp-content\/uploads\/2017\/12\/anhembi-em-santana-miniatura.jpg 78w, https:\/\/www.encontrasantana.com.br\/sobre\/wp-content\/uploads\/2017\/12\/anhembi-em-santana-miniatura-150x150.jpg 150w\" sizes=\"(max-width: 78px) 100vw, 78px\" \/><\/p>\n<p><em><strong>Destaque<\/strong><\/em><br \/>\n<strong>Shopping Center Norte<\/strong><br \/>\nInaugurado em abril de 1984, o shopping se destaca por seus n\u00fameros grandiosos: ainda \u00e9 um dos maiores da cidade, com mais de 300 mil metros quadrados de \u00e1rea total do terreno, possui por volta de quinhentas lojas e um estacionamento para doze mil ve\u00edculos.<\/p>\n<h3>Dados Principais sobre o Santana<\/h3>\n<p><strong>Popula\u00e7\u00e3o<\/strong> 112.613 hab. (2004)<br \/>\n<strong>Densidade<\/strong> 9.527,78 hab.\/km\u00b2<br \/>\n<strong>Renda m\u00e9dia<\/strong> R$ 2.507,75<br \/>\n<strong>IDH<\/strong> 0,925 &#8211; elevado<br \/>\n<strong>Subprefeitura<\/strong> Santana-Tucuruvi<br \/>\n<strong>Regi\u00e3o Administrativa<\/strong> Nordeste<br \/>\n<strong>\u00c1rea Geogr\u00e1fica<\/strong> 2<\/p>\n<h2>Moradores ilustres de Santana<\/h2>\n<p><iframe loading=\"lazy\" style=\"border: none; overflow: hidden; width: 100%; height: 252px;\" src=\"https:\/\/www.facebook.com\/plugins\/likebox.php?href=http%3A%2F%2Fwww.facebook.com%2Fbairrosantana&amp;width=520&amp;colorscheme=light&amp;show_faces=true&amp;stream=false&amp;header=false&amp;height=252\" width=\"300\" height=\"150\" frameborder=\"0\" scrolling=\"No\"><\/iframe><\/p>\n<h2>Hist\u00f3ria de Santana<\/h2>\n<p><img loading=\"lazy\" decoding=\"async\" width=\"535\" height=\"165\" class=\"alignnone size-full wp-image-43965\" style=\"width: 100%; height: auto;\" src=\"https:\/\/www.encontrasantana.com.br\/sobre\/wp-content\/uploads\/2017\/12\/bairro-de-santana.jpg\" alt=\"\" srcset=\"https:\/\/www.encontrasantana.com.br\/sobre\/wp-content\/uploads\/2017\/12\/bairro-de-santana.jpg 535w, https:\/\/www.encontrasantana.com.br\/sobre\/wp-content\/uploads\/2017\/12\/bairro-de-santana-300x93.jpg 300w\" sizes=\"(max-width: 535px) 100vw, 535px\" \/><br \/>\nO <a href=\"\/\">Bairro de Santana<\/a> \u00e9 um distrito da cidade de S\u00e3o Paulo. Comp\u00f5e com os distritos de Tucuruvi e Mandaqui a <a href=\"https:\/\/www.encontrasantana.com.br\/santana\/subprefeitura-santana.shtml\">subprefeitura Santana-Tucuruvi<\/a>. Antiga sede da <a href=\"https:\/\/www.encontrasantana.com.br\/santana\/Penitenciaria-carandiru-santana.shtml\">Casa de Deten\u00e7\u00e3o de S\u00e3o Paulo<\/a> (<a href=\"https:\/\/www.encontrasantana.com.br\/santana\/Penitenciaria-carandiru-santana.shtml\">complexo penitenci\u00e1rio do Carandiru<\/a>), considerado outrora o maior da Am\u00e9rica Latina (recentemente implodido), cont\u00e9m tamb\u00e9m um dos maiores centros de feiras e exposi\u00e7\u00f5es da cidade: o <a href=\"https:\/\/www.encontrasantana.com.br\/santana\/anhembi-em-santana.shtml\">Pavilh\u00e3o do Anhembi<\/a>, al\u00e9m do <a href=\"https:\/\/www.encontrasantana.com.br\/santana\/rodoviaria-tiete.shtml\">Terminal Rodovi\u00e1rio do Tiet\u00ea<\/a>, o mais movimentado do Brasil.<\/p>\n<p>O distrito de &#8220;Paz de Santana&#8221; foi criado em 1898, tendo seus limites alterados ao longo dos anos, com a cria\u00e7\u00e3o de novos subdistritos e dos atuais distritos (lei municipal de 1986) na Zona Norte da cidade. Entretanto, as origens da regi\u00e3o de Santana s\u00e3o muito antigas, tanto que \u00e9 reconhecido como anivers\u00e1rio do bairro a data de 26 de Julho de 1792.<\/p>\n<p>Santana \u00e9 uma regi\u00e3o que, apesar de ser o mais antigo n\u00facleo populacional da <a href=\"https:\/\/www.zonanortesp.com.br\" target=\"_blank\" rel=\"noopener noreferrer\">zona norte<\/a> da cidade, permaneceu durante muito tempo isolada do restante da capital devido a barreiras naturais como o rio Tiet\u00ea e a <a href=\"https:\/\/www.encontrasantana.com.br\/santana\/serra-da-cantareira.shtml\">Serra da Cantareira<\/a>. Esse isolamento permanceu at\u00e9 o in\u00edcio do s\u00e9culo XX quando, seguindo os passos de toda a cidade, <a href=\"\/\">Santana<\/a> se desenvolveu rapidamente devido ao processo de industrializa\u00e7\u00e3o e \u00e0 riqueza gerada atrav\u00e9s ciclo do caf\u00e9 em todo o estado.<\/p>\n<p><img loading=\"lazy\" decoding=\"async\" class=\"alignleft wp-image-43961 size-medium\" src=\"https:\/\/www.encontrasantana.com.br\/sobre\/wp-content\/uploads\/2017\/12\/voluntarios-da-patria-1971-198x300.jpg\" alt=\"\" width=\"198\" height=\"300\" srcset=\"https:\/\/www.encontrasantana.com.br\/sobre\/wp-content\/uploads\/2017\/12\/voluntarios-da-patria-1971-198x300.jpg 198w, https:\/\/www.encontrasantana.com.br\/sobre\/wp-content\/uploads\/2017\/12\/voluntarios-da-patria-1971.jpg 300w\" sizes=\"(max-width: 198px) 100vw, 198px\" \/>No in\u00edcio da d\u00e9cada de 1940 o bairro ganhou uma nova liga\u00e7\u00e3o com o centro da cidade, com a constru\u00e7\u00e3o da &#8220;Ponte das Bandeiras&#8221; que substituiu a antiga &#8220;Ponte Grande&#8221;. O prefeito da \u00e9poca, Prestes Maia, considerava a obra como o port\u00e3o de entrada da cidade.<\/p>\n<p>Tempos depois o <a href=\"\/\">Bairro de Santana<\/a> completou sua integra\u00e7\u00e3o com o resto da cidade e, por sua relativa proximidade do centro, intensificada pela constru\u00e7\u00e3o da linha Norte-Sul do metr\u00f4 (que serve o distrito com 4 esta\u00e7\u00f5es distintas) na d\u00e9cada de 70, o <a href=\"\/\">Bairro de Santana<\/a> passou por um processo de desenvolvimento e infra-estrutura\u00e7\u00e3o, que o transformou em um dos principais p\u00f3los comerciais da <a href=\"https:\/\/www.zonanortesp.com.br\" target=\"_blank\" rel=\"noopener noreferrer\">zona norte<\/a> da cidade.<\/p>\n<p>Para homenagear a comunidade de moradores deste maravilho bairro, o <a href=\"https:\/\/www.encontrasaopaulo.com.br\" target=\"_blank\" rel=\"noopener noreferrer\">Encontra S\u00e3o Paulo<\/a> criou o <a href=\"https:\/\/www.encontrasantana.com.br\">Encontra Santana<\/a> na cidade de S\u00e3o Paulo.<\/p>\n<p><em>Fonte wikip\u00e9dia<\/em><\/p>\n\n<div style=\"font-size: 0px; height: 0px; line-height: 0px; margin: 0; padding: 0; clear: both;\"><\/div>","protected":false},"excerpt":{"rendered":"<p>Limites &#8211; Bairros Vizinhos &#8211; Zona Norte Tucuruvi,\u00a0Mandaqui,\u00a0Vila Guilherme,\u00a0Casa Verde\u00a0e\u00a0Lim\u00e3o Bairros O Distrito de Santana est\u00e1 situado na Zona Nordeste e abrange os bairros de: \u00c1gua Fria Chora Menino Imirim Jardim Carmen Ver\u00f4nica Jardim do Col\u00e9gio e S\u00edtio Pedra Branca Jardim Guanandi Jardim S\u00e3o Paulo Parque Anhembi Santa Teresinha Santana S\u00edtio Pedra Branca Vila Bianca Vila Jos\u00e9 Casa Grande Vila Mariza Mazzei Vila Matias Vila Pauliceia Vila Rabelo Vila Santa Luzia Vila Santana Vila Siciliano Vila Z\u00e9lia Pontos Tur\u00edsticos Destaque Shopping Center Norte Inaugurado em abril de 1984, o shopping se destaca por seus n\u00fameros grandiosos: ainda \u00e9 um dos <\/p>\n","protected":false},"author":1,"featured_media":0,"parent":0,"menu_order":0,"comment_status":"closed","ping_status":"closed","template":"","meta":{"footnotes":""},"class_list":["post-43960","page","type-page","status-publish","hentry"],"aioseo_notices":[],"_links":{"self":[{"href":"https:\/\/www.encontrasantana.com.br\/sobre\/wp-json\/wp\/v2\/pages\/43960"}],"collection":[{"href":"https:\/\/www.encontrasantana.com.br\/sobre\/wp-json\/wp\/v2\/pages"}],"about":[{"href":"https:\/\/www.encontrasantana.com.br\/sobre\/wp-json\/wp\/v2\/types\/page"}],"author":[{"embeddable":true,"href":"https:\/\/www.encontrasantana.com.br\/sobre\/wp-json\/wp\/v2\/users\/1"}],"replies":[{"embeddable":true,"href":"https:\/\/www.encontrasantana.com.br\/sobre\/wp-json\/wp\/v2\/comments?post=43960"}],"version-history":[{"count":0,"href":"https:\/\/www.encontrasantana.com.br\/sobre\/wp-json\/wp\/v2\/pages\/43960\/revisions"}],"wp:attachment":[{"href":"https:\/\/www.encontrasantana.com.br\/sobre\/wp-json\/wp\/v2\/media?parent=43960"}],"curies":[{"name":"wp","href":"https:\/\/api.w.org\/{rel}","templated":true}]}}

<div class="1acf8468e559fd3cbeec5aee3a269a52" data-index="1" style="float: none; margin:0px;">
<!-- Anuncio display - global -->
<ins class="adsbygoogle"
     style="display:block"
     data-ad-client="ca-pub-8585364105181520"
     data-ad-slot="8789329856"
     data-ad-format="auto"
     data-full-width-responsive="true"></ins>
<script>
     (adsbygoogle = window.adsbygoogle || []).push({});
</script>
</div>
<h2>Limites &#8211; Bairros Vizinhos &#8211; <a href="https://www.zonanortesp.com.br" target="_blank" rel="noopener noreferrer">Zona Norte</a></h2>
<p><a title="Tucuruvi" href="https://www.encontratucuruvi.com.br/" target="_blank" rel="noopener noreferrer">Tucuruvi</a>, <a title="Mandaqui" href="https://www.encontramandaqui.com.br/" target="_blank" rel="noopener noreferrer">Mandaqui</a>, <a title="Vila Guilherme" href="https://www.encontravilaguilherme.com.br/" target="_blank" rel="noopener noreferrer">Vila Guilherme</a>, <a title="Casa Verde" href="https://www.encontracasaverde.com.br/" target="_blank" rel="noopener noreferrer">Casa Verde</a> e <a title="Limão" href="https://www.encontralimao.com.br/" target="_blank" rel="noopener noreferrer">Limão</a></p>
<h2>Bairros</h2>
<p>O Distrito de Santana está situado na Zona Nordeste e abrange os bairros de:</p>
<ul>
<li>Água Fria</li>
<li>Chora Menino</li>
<li>Imirim</li>
<li>Jardim Carmen Verônica</li>
<li>Jardim do Colégio e Sítio Pedra Branca</li>
<li>Jardim Guanandi</li>
<li>Jardim São Paulo</li>
<li>Parque Anhembi</li>
<li>Santa Teresinha</li>
<li>Santana</li>
<li>Sítio Pedra Branca</li>
<li>Vila Bianca</li>
<li>Vila José Casa Grande</li>
<li>Vila Mariza Mazzei</li>
<li>Vila Matias</li>
<li>Vila Pauliceia</li>
<li>Vila Rabelo</li>
<li>Vila Santa Luzia</li>
<li>Vila Santana</li>
<li>Vila Siciliano</li>
<li>Vila Zélia</li>
</ul>
<h3>Pontos Turísticos</h3>
<p><img loading="lazy" decoding="async" class="alignleft size-full wp-image-43962" src="https://www.encontrasantana.com.br/sobre/wp-content/uploads/2017/12/parque-da-juventude-em-santana-miniatura.jpg" alt="" width="79" height="78" srcset="https://www.encontrasantana.com.br/sobre/wp-content/uploads/2017/12/parque-da-juventude-em-santana-miniatura.jpg 79w, https://www.encontrasantana.com.br/sobre/wp-content/uploads/2017/12/parque-da-juventude-em-santana-miniatura-150x150.jpg 150w" sizes="(max-width: 79px) 100vw, 79px" /> <img loading="lazy" decoding="async" class="alignleft size-full wp-image-43963" src="https://www.encontrasantana.com.br/sobre/wp-content/uploads/2017/12/shopping-center-norte-small.jpg" alt="" width="78" height="78" srcset="https://www.encontrasantana.com.br/sobre/wp-content/uploads/2017/12/shopping-center-norte-small.jpg 78w, https://www.encontrasantana.com.br/sobre/wp-content/uploads/2017/12/shopping-center-norte-small-150x150.jpg 150w" sizes="(max-width: 78px) 100vw, 78px" /> <img loading="lazy" decoding="async" class="alignleft size-full wp-image-43964" src="https://www.encontrasantana.com.br/sobre/wp-content/uploads/2017/12/anhembi-em-santana-miniatura.jpg" alt="" width="78" height="78" srcset="https://www.encontrasantana.com.br/sobre/wp-content/uploads/2017/12/anhembi-em-santana-miniatura.jpg 78w, https://www.encontrasantana.com.br/sobre/wp-content/uploads/2017/12/anhembi-em-santana-miniatura-150x150.jpg 150w" sizes="(max-width: 78px) 100vw, 78px" /></p>
<p><em><strong>Destaque</strong></em><br />
<strong>Shopping Center Norte</strong><br />
Inaugurado em abril de 1984, o shopping se destaca por seus números grandiosos: ainda é um dos maiores da cidade, com mais de 300 mil metros quadrados de área total do terreno, possui por volta de quinhentas lojas e um estacionamento para doze mil veículos.</p>
<h3>Dados Principais sobre o Santana</h3>
<p><strong>População</strong> 112.613 hab. (2004)<br />
<strong>Densidade</strong> 9.527,78 hab./km²<br />
<strong>Renda média</strong> R$ 2.507,75<br />
<strong>IDH</strong> 0,925 &#8211; elevado<br />
<strong>Subprefeitura</strong> Santana-Tucuruvi<br />
<strong>Região Administrativa</strong> Nordeste<br />
<strong>Área Geográfica</strong> 2</p>
<h2>Moradores ilustres de Santana</h2>
<p><iframe loading="lazy" style="border: none; overflow: hidden; width: 100%; height: 252px;" src="https://www.facebook.com/plugins/likebox.php?href=http%3A%2F%2Fwww.facebook.com%2Fbairrosantana&amp;width=520&amp;colorscheme=light&amp;show_faces=true&amp;stream=false&amp;header=false&amp;height=252" width="300" height="150" frameborder="0" scrolling="No"></iframe></p>
<h2>História de Santana</h2>
<p><img loading="lazy" decoding="async" width="535" height="165" class="alignnone size-full wp-image-43965" style="width: 100%; height: auto;" src="https://www.encontrasantana.com.br/sobre/wp-content/uploads/2017/12/bairro-de-santana.jpg" alt="" srcset="https://www.encontrasantana.com.br/sobre/wp-content/uploads/2017/12/bairro-de-santana.jpg 535w, https://www.encontrasantana.com.br/sobre/wp-content/uploads/2017/12/bairro-de-santana-300x93.jpg 300w" sizes="(max-width: 535px) 100vw, 535px" /><br />
O <a href="/">Bairro de Santana</a> é um distrito da cidade de São Paulo. Compõe com os distritos de Tucuruvi e Mandaqui a <a href="https://www.encontrasantana.com.br/santana/subprefeitura-santana.shtml">subprefeitura Santana-Tucuruvi</a>. Antiga sede da <a href="https://www.encontrasantana.com.br/santana/Penitenciaria-carandiru-santana.shtml">Casa de Detenção de São Paulo</a> (<a href="https://www.encontrasantana.com.br/santana/Penitenciaria-carandiru-santana.shtml">complexo penitenciário do Carandiru</a>), considerado outrora o maior da América Latina (recentemente implodido), contém também um dos maiores centros de feiras e exposições da cidade: o <a href="https://www.encontrasantana.com.br/santana/anhembi-em-santana.shtml">Pavilhão do Anhembi</a>, além do <a href="https://www.encontrasantana.com.br/santana/rodoviaria-tiete.shtml">Terminal Rodoviário do Tietê</a>, o mais movimentado do Brasil.</p>
<p>O distrito de &#8220;Paz de Santana&#8221; foi criado em 1898, tendo seus limites alterados ao longo dos anos, com a criação de novos subdistritos e dos atuais distritos (lei municipal de 1986) na Zona Norte da cidade. Entretanto, as origens da região de Santana são muito antigas, tanto que é reconhecido como aniversário do bairro a data de 26 de Julho de 1792.</p>
<p>Santana é uma região que, apesar de ser o mais antigo núcleo populacional da <a href="https://www.zonanortesp.com.br" target="_blank" rel="noopener noreferrer">zona norte</a> da cidade, permaneceu durante muito tempo isolada do restante da capital devido a barreiras naturais como o rio Tietê e a <a href="https://www.encontrasantana.com.br/santana/serra-da-cantareira.shtml">Serra da Cantareira</a>. Esse isolamento permanceu até o início do século XX quando, seguindo os passos de toda a cidade, <a href="/">Santana</a> se desenvolveu rapidamente devido ao processo de industrialização e à riqueza gerada através ciclo do café em todo o estado.</p>
<p><img loading="lazy" decoding="async" class="alignleft wp-image-43961 size-medium" src="https://www.encontrasantana.com.br/sobre/wp-content/uploads/2017/12/voluntarios-da-patria-1971-198x300.jpg" alt="" width="198" height="300" srcset="https://www.encontrasantana.com.br/sobre/wp-content/uploads/2017/12/voluntarios-da-patria-1971-198x300.jpg 198w, https://www.encontrasantana.com.br/sobre/wp-content/uploads/2017/12/voluntarios-da-patria-1971.jpg 300w" sizes="(max-width: 198px) 100vw, 198px" />No início da década de 1940 o bairro ganhou uma nova ligação com o centro da cidade, com a construção da &#8220;Ponte das Bandeiras&#8221; que substituiu a antiga &#8220;Ponte Grande&#8221;. O prefeito da época, Prestes Maia, considerava a obra como o portão de entrada da cidade.</p>
<p>Tempos depois o <a href="/">Bairro de Santana</a> completou sua integração com o resto da cidade e, por sua relativa proximidade do centro, intensificada pela construção da linha Norte-Sul do metrô (que serve o distrito com 4 estações distintas) na década de 70, o <a href="/">Bairro de Santana</a> passou por um processo de desenvolvimento e infra-estruturação, que o transformou em um dos principais pólos comerciais da <a href="https://www.zonanortesp.com.br" target="_blank" rel="noopener noreferrer">zona norte</a> da cidade.</p>
<p>Para homenagear a comunidade de moradores deste maravilho bairro, o <a href="https://www.encontrasaopaulo.com.br" target="_blank" rel="noopener noreferrer">Encontra São Paulo</a> criou o <a href="https://www.encontrasantana.com.br">Encontra Santana</a> na cidade de São Paulo.</p>
<p><em>Fonte wikipédia</em></p>

<div style="font-size: 0px; height: 0px; line-height: 0px; margin: 0; padding: 0; clear: both;"></div>

<p>Limites &#8211; Bairros Vizinhos &#8211; Zona Norte Tucuruvi, Mandaqui, Vila Guilherme, Casa Verde e Limão Bairros O Distrito de Santana está situado na Zona Nordeste e abrange os bairros de: Água Fria Chora Menino Imirim Jardim Carmen Verônica Jardim do Colégio e Sítio Pedra Branca Jardim Guanandi Jardim São Paulo Parque Anhembi Santa Teresinha Santana Sítio Pedra Branca Vila Bianca Vila José Casa Grande Vila Mariza Mazzei Vila Matias Vila Pauliceia Vila Rabelo Vila Santa Luzia Vila Santana Vila Siciliano Vila Zélia Pontos Turísticos Destaque Shopping Center Norte Inaugurado em abril de 1984, o shopping se destaca por seus números grandiosos: ainda é um dos </p>
